 by 9.
7
Suppose 3*b + 4*m - 27 + 1 = 0, 4*b + 4*m = 36. Calculate the remainder when 38 is divided by b.
8
Suppose d - 2*z = 5, -6 - 2 = -3*d - z. Let r = -5 - -7. Suppose -d*c = r*c - 325. Calculate the remainder when c is divided by 22.
21
Let t(o) = -5*o - 23. What is the remainder when 91 is divided by t(-7)?
7
Suppose -3 + 39 = -4*i + 4*q, 20 = 5*q. What is the remainder when (-8)/(-20) + (-248)/i is divided by 17?
16
Let n(s) = 2*s**2 - 3*s + 2. What is the remainder when 85 is divided by n(4)?
19
Let x be (8/2)/4 - 14. Let f = x + 17. Suppose -4*s + 19 + 5 = -3*y, -y - 18 = -3*s. Calculate the remainder when s is divided by f.
2
Let g(n) = -n**3 + 5*n**2 + 5*n + 8. Let q be g(6). What is the remainder when 7/(7/q)*1 is divided by 2?
0
Suppose 4*d - 1 = 7. Suppose -12 = -d*n - 2*n. Calculate the remainder when n is divided by 2.
1
Suppose -3*h + 24 = 3*k, -3*k = k - 20. Let f(c) = -c**3 + 7*c**2 - 3*c + 4. What is the remainder when f(h) is divided by 8?
7
Suppose 5*i - 102 - 248 = -5*a, i = 4*a - 290. Calculate the remainder when a is divided by 25.
22
What is the remainder when 20 is divided by -4*(2 - (-76)/(-16))?
9
Let r(s) = -s**3 + 7*s**2 + s + 5. Let o be r(7). Let z = o - -54. What is the remainder when z is divided by 17?
15
Let i be ((-1)/3)/(4/12). Let h(b) = -7*b**3 - 2*b**2 - b. Let n be h(i). Suppose 0 = n*j - j - 65. What is the remainder when 37 is divided by j?
11
Suppose 5*z = 92 - 12. What is the remainder when z is divided by 9?
7
Let c = -58 + 114. Suppose 6*p - 2*p - c = 0. Calculate the remainder when 40 is divided by p.
12
Let t = 31 - 13. Suppose -4*f + 44 + 0 = 0. What is the remainder when t is divided by f?
7
Suppose 0 = -3*a - 4*q - 50, 0*a + 4*a + 68 = -4*q. Let x = 26 + a. Calculate the remainder when 22 is divided by x.
6
Let u = 84 + -41. Suppose 2*n - u = n. Let i(f) = f**3 + 2*f**2 - f + 15. What is the remainder when n is divided by i(0)?
13
Suppose -10*s + 7*s + 99 = 0. Calculate the remainder when s is divided by 9.
6
Let w = 56 + -40. Let i = 16 - 17. Calculate the remainder when (90/(-3 + 0))/i is divided by w.
14
Let y = 13 + -7. What is the remainder when 11 is divided by y?
5
Let g = -14 + 20. Calculate the remainder when 28 is divided by g.
4
Let k(o) = o**3 + 7*o**2 + o + 8. Let p be k(-7). Suppose 3*r = p + 5. Calculate the remainder when 160/28 - 2/(-7) is divided by r.
0
Let q be (-6)/(-9) + (-49)/(-3). Suppose -x = -q - 12. Calculate the remainder when x is divided by 10.
9
Let k = 23 + -12. Calculate the remainder when 31 is divided by k.
9
Suppose -590 = -5*w - 6*d + d, -w = -d - 110. Calculate the remainder when w is divided by 39.
36
Let i(t) = 5*t - 10. What is the remainder when 24 is divided by i(3)?
4
Calculate the remainder when 49 is divided by 6/(-3) + 4 + 24.
23
Suppose 4*i = i - 6. Calculate the remainder when 12 is divided by i/8 + 87/12.
5
Let r(z) = -z**2 + z + 2. Let o be r(0). What is the remainder when 40 is divided by (-1 - o - -3) + 14?
12
Let j = 11 + -17. Calculate the remainder when 9 is divided by (-12)/2*6/j.
3
Let d(k) be the second derivative of -k**4/12 + 11*k**3/6 - k**2/2 - 5*k. Calculate the remainder when d(8) is divided by 4/6 + (-37)/(-3).
10
Suppose -43 = s - 45. Suppose -2*l = s*l - 124. Suppose 4*z - 44 = -0*z. What is the remainder when l is divided by z?
9
Let k(h) = h**2. Let z(f) = f**3 - 11*f**2 + 7*f + 10. Let y(t) = 3*k(t) + z(t). Calculate the remainder when 19 is divided by y(7).
9
Suppose 3*k = -5*r + 208, 5*k - 7*r = -2*r + 320. Suppose 0 = x - v + 2*v - 15, 0 = -4*x + v + 70. Calculate the remainder when k is divided by x.
15
Let k(i) = -i**3 + 14*i**2 - 4*i. Let d be k(11). What is the remainder when (d/(-22))/(1/(-2)) is divided by 10?
9
Calculate the remainder when 83/5 - (-8)/20 is divided by (15 - -5)*(-2)/(-4).
7
Let f(v) = -v**3 - 10*v**2 - 10*v + 6. Calculate the remainder when 41 is divided by f(-9).
11
Suppose 3*w - 12 = 0, 4*w + 244 = 5*k - 0*k. Suppose 5*f + 54 = 2*f. Let g = k + f. Calculate the remainder when g is divided by 12.
10
Suppose 246 + 198 = 6*l. What is the remainder when l is divided by 19?
17
Calculate the remainder when -4 + 2/(-2)*-39 is divided by 20.
15
Suppose -4*d + 26 = 4*p + 2, -5*d + p + 24 = 0. Suppose 0 = -d*b + 23 + 82. Calculate the remainder when b is divided by 8.
5
Suppose 20 = 2*p - 4. What is the remainder when (-36 + 1)*(-2 + 1) is divided by p?
11
Let n = -10 - -14. Let y(b) = -b**3 - 6*b**2 - 7*b - 8. What is the remainder when n is divided by y(-5)?
0
Let x = 7 + -11. Calculate the remainder when 64 is divided by x/14 + 156/7.
20
Let v = -2 + 6. Suppose 3*u + 3*s = 48, v*u - 3*u = 5*s - 14. What is the remainder when 32 is divided by u?
10
Let l(m) = 2*m**2 + 2*m - 1. Let u be l(1). Let a(w) = -w**2 - 8*w**u + 2*w - 3*w - 2*w**3. What is the remainder when 19 is divided by a(-1)?
9
Let y = 2 + -2. Suppose y = 3*x - 5*x + 20. Calculate the remainder when 29 is divided by x.
9
Calculate the remainder when 21 - (-6)/4*8/12 is divided by 6.
4
Suppose -2*z + 155 = 3*z. What is the remainder when z is divided by 17?
14
Let k(z) = -z**3 + 7*z**2 + 2*z - 2. What is the remainder when k(6) is divided by 12?
10
Suppose 0 = -6*v + 2*v + 24. Let w(r) = -r**2 + 7*r + 2. Let j be w(5). Suppose j = -0*q + 3*q. What is the remainder when v is divided by q?
2
Suppose -s + 5*t = 2*s - 5, 18 = 4*s - t. Suppose -5*u - s*q + 25 = 0, -4*u = -0*q + q - 11. Calculate the remainder when (-20)/(-6) + (-2)/6 is divided by u.
1
Let v = 196 - 276. Let r = 52 + v. Let l = -17 - r. Calculate the remainder when l is divided by 4.
3
Let i(q) = 5*q**2 - 2*q - 2. Calculate the remainder when 41 is divided by i(-2).
19
Let j = 282 - 279. Calculate the remainder when (-200)/(-14) - (-4)/(-14) is divided by j.
2
Suppose 5*b + 14 = 3*a - 32, -a = -4*b - 27. What is the remainder when 11 is divided by a?
4
What is the remainder when 99 is divided by -5*((-68)/5)/4*1?
14
Let p = 1 - 3. What is the remainder when -3 - -4*(-12)/p is divided by 12?
9
Let s(t) = 9*t - 4. What is the remainder when 4/(-4) + 25 + 1 is divided by s(2)?
11
What is the remainder when 122 is divided by (20/(-5) - -35)/1?
29
Let i = 25 + -9. What is the remainder when 61 is divided by i?
13
Let s = 20 - 16. Suppose s*v - 41 = -p, 3*p + 2*p - 2*v - 183 = 0. Calculate the remainder when p is divided by 13.
11
Let s(d) = -d**2 + 8*d + 7. What is the remainder when 109 is divided by s(3)?
21
Suppose 5*l - l - 712 = 0. Calculate the remainder when l is divided by 45.
43
Let j be -1 + 3 + (-5 - -6). Suppose j*r = 51 - 0. What is the remainder when 49 is divided by r?
15
Let y(h) = 2*h + 28. What is the remainder when y(-7) is divided by 5?
4
Suppose 130 = -7*k + 12*k. Calculate the remainder when k is divided by 9.
8
Let o = -4 - -2. What is the remainder when 5 is divided by (-2 - o - 0) + 3?
2
Let h(r) be the third derivative of r**4/6 - 4*r**2. Calculate the remainder when 28 is divided by h(2).
4
What is the remainder when (-4)/6 - (-560)/21 is divided by ((-14)/2*1)/(-1)?
5
Suppose 0*p = -5*d - 5*p + 45, 4*d - 2*p = 12. What is the remainder when 6 is divided by d?
1
Suppose 6*l = 2*l + 52. Calculate the remainder when 49 is divided by l.
10
Suppose 3*f - 5*f + 72 = -2*q, -f = 3*q - 56. Suppose m - 105 = -4*m. Calculate the remainder when f is divided by m.
20
Suppose 7 + 13 = 4*s. Suppose 0 = -5*n + r + 6, 0*n + 16 = -2*n + s*r. Calculate the remainder when 8 is divided by (12/(-10))/(n/(-5)).
2
Let a = 26 - 15. Calculate the remainder when a is divided by -2*((-22)/4 + 2).
4
Let q(w) = w**2 + 1. Let n be (2*-3)/((-12)/(-8)). Calculate the remainder when 67 is divided by q(n).
16
Let v = -19 + 94. What is the remainder when v is divided by 11?
9
Let h = 23 - 19. What is the remainder when 18 is divided by h?
2
Let d(y) = -y**3 - 5*y**2 + 11*y + 9. What is the remainder when d(-7) is divided by 11?
8
Let p = 31 - 6. What is the remainder when p is divided by 8?
1
Suppose -3*p - 3*y + 14 = -2*p, 5*p - 142 = 3*y. Suppose -m - 27 = -4*m. Calculate the remainder when p is divided by m.
8
Let d(h) = -h**2 + 26*h + 30. Calculate the remainder when d(26) is divided by 17.
13
Let n(g) = g + 7. Let p be (-22)/(-55) - (-66)/10. What is the remainder when 39 is div